
2
What is the hundreds digit of 5555?
5
What is the units digit of 2446?
6
What is the thousands digit of 4987?
4
What is the thousands digit of 11919?
1
What is the tens digit of 12487?
8
What is the units digit of 3916?
6
What is the units digit of 1342?
2
What is the tens digit of 35087?
8
What is the hundreds digit of 12076?
0
What is the hundreds digit of 8310?
3
What is the tens digit of 109301?
0
What is the hundreds digit of 211?
2
What is the thousands digit of 3564?
3
What is the thousands digit of 18026?
8
What is the units digit of 7492?
2
What is the tens digit of 131289?
8
What is the hundreds digit of 1181?
1
What is the units digit of 517?
7
What is the hundreds digit of 11148?
1
What is the tens digit of 3876?
7
What is the tens digit of 5069?
6
What is the ten thousands digit of 17090?
1
What is the tens digit of 159363?
6
What is the thousands digit of 5329?
5
What is the hundreds digit of 146090?
0
What is the tens digit of 182?
8
What is the thousands digit of 91561?
1
What is the hundreds digit of 6795?
7
What is the hundreds digit of 2560?
5
What is the ten thousands digit of 10746?
1
What is the tens digit of 7920?
2
What is the hundreds digit of 742?
7
What is the hundreds digit of 935?
9
What is the hundreds digit of 1652?
6
What is the thousands digit of 19519?
9
What is the tens digit of 58300?
0
What is the units digit of 95917?
7
What is the units digit of 11599?
9
What is the units digit of 16884?
4
What is the tens digit of 3364?
6
What is the units digit of 12983?
3
What is the thousands digit of 2620?
2
What is the hundred thousands digit of 149175?
1
What is the tens digit of 33065?
6
What is the tens digit of 11614?
1
What is the units digit of 3409?
9
What is the thousands digit of 16687?
6
What is the thousands digit of 2095?
2
What is the units digit of 2363?
3
What is the units digit of 5430?
0
What is the hundreds digit of 5498?
4
What is the units digit of 16584?
4
What is the hundreds digit of 3352?
3
What is the hundreds digit of 156?
1
What is the hundreds digit of 1838?
8
What is the hundreds digit of 2362?
3
What is the tens digit of 1685?
8
What is the units digit of 308?
8
What is the tens digit of 207?
0
What is the units digit of 2149?
9
What is the hundreds digit of 463?
4
What is the hundreds digit of 782?
7
What is the thousands digit of 18848?
8
What is the hundreds digit of 157?
1
What is the thousands digit of 47249?
7
What is the units digit of 33840?
0
What is the tens digit of 53998?
9
What is the units digit of 3409?
9
What is the tens digit of 98530?
3
What is the units digit of 89414?
4
What is the thousands digit of 3187?
3
What is the tens digit of 714?
1
What is the thousands digit of 1231?
1
What is the thousands digit of 17740?
7
What is the hundreds digit of 949?
9
What is the thousands digit of 97634?
7
What is the thousands digit of 33797?
3
What is the units digit of 10018?
8
What is the hundreds digit of 2581?
5
What is the ten thousands digit of 66261?
6
What is the thousands digit of 42668?
2
What is the ten thousands digit of 85532?
8
What is the hundreds digit of 95002?
0
What is the thousands digit of 23754?
3
What is the hundreds digit of 1488?
4
What is the tens digit of 3839?
3
What is the units digit of 351?
1
What is the units digit of 4568?
8
What is the hundreds digit of 36219?
2
What is the tens digit of 26684?
8
What is the units digit of 139179?
9
What is the thousands digit of 1534?
1
What is the hundreds digit of 5510?
5
What is the ten thousands digit of 64640?
6
What is the tens digit of 15339?
3
What is the hundreds digit of 2385?
3
What is the hundreds digit of 124807?
8
What is the units digit of 1156?
6
What is the hundreds digit of 972?
9
What is the tens digit of 301?
0
What is the thousands digit of 1755?
1
What is the thousands digit of 17405?
7
What is the hundreds digit of 795?
7
What is the units digit of 7804?
4
What is the ten thousands digit of 29153?
2
What is the units digit of 1348?
8
What is the thousands digit of 14104?
4
What is the tens digit of 4169?
6
What is the units digit of 2388?
8
What is the units digit of 6519?
9
What is the hundreds digit of 6366?
3
What is the tens digit of 88?
8
What is the units digit of 554?
4
What is the hundreds digit of 475?
4
What is the units digit of 795?
5
What is the hundreds digit of 18865?
8
What is the ten thousands digit of 21167?
2
What is the units digit of 81828?
8
What is the thousands digit of 7002?
7
What is the thousands digit of 62283?
2
What is the hundreds digit of 1640?
6
What is the hundreds digit of 7547?
5
What is the hundreds digit of 1536?
5
What is the units digit of 501?
1
What is the tens digit of 1550?
5
What is the tens digit of 58218?
1
What is the thousands digit of 3081?
3
What is the thousands digit of 9507?
9
What is the ten thousands digit of 21650?
2
What is the hundred thousands digit of 100127?
1
What is the tens digit of 36638?
3
What is the thousands digit of 113221?
3
What is the hundreds digit of 15249?
2
What is the units digit of 3628?
8
What is the tens digit of 6472?
7
What is the tens digit of 366?
6
What is the tens digit of 203?
0
What is the thousands digit of 2371?
2
What is the tens digit of 11418?
1
What is the units digit of 944?
4
What is the hundreds digit of 4212?
2
What is the thousands digit of 1386?
1
What is the units digit of 61707?
7
What is the hundreds digit of 29690?
6
What is the units digit of 14938?
8
What is the thousands digit of 66879?
6
What is the hundreds digit of 98814?
8
What is the units digit of 73287?
7
What is the hundreds digit of 54042?
0
What is the units digit of 9171?
1
What is the thousands digit of 20392?
0
What is the hundreds digit of 11311?
3
What is the thousands digit of 32819?
2
What is the hundreds digit of 24083?
0
What is the units digit of 53?
3
What is the units digit of 6276?
6
What is the thousands digit of 2759?
2
What is the tens digit of 5624?
2
What is the thousands digit of 6975?
6
What is the thousands digit of 4597?
4
What is the hundreds digit of 1663?
6
What is the units digit of 2813?
3
What is the tens digit of 14651?
5
What is the thousands digit of 15296?
5
What is the units digit of 15448?
8
What is the tens digit of 985?
8
What is the ten thousands digit of 193935?
9
What is the units digit of 430?
0
What is the thousands digit of 4255?
4
What is the hundreds digit of 21410?
4
What is the hundreds digit of 77794?
7
What is the units digit of 41093?
3
What is the hundreds digit of 20958?
9
What is the units digit of 12194?
4
What is the thousands digit of 1219?
1
What is the tens digit of 232?
3
What is the tens digit of 476?
7
What is the thousands digit of 40254?
0
What is the ten thousands digit of 14842?
1
What is the tens digit of 472?
7
What is the thousands digit of 28583?
8
What is the units digit of 4857?
7
What is the tens digit of 542?
4
What is the thousands digit of 1882?
1
What is the ten thousands digit of 13993?
1
What is the hundreds digit of 2203?
2
What is the tens digit of 428?
2
What is the tens digit of 629?
2
What is the hundreds digit of 725?
7
What is the tens digit of 16289?
8
What is the hundreds digit of 540?
5
What is the tens digit of 241?
4
What is the units digit of 2480?
0
What is the thousands digit of 1400?
1
What is the hundreds digit of 477?
4
What is the tens digit of 16573?
7
What is the tens digit of 758?
5
What is the units digit of 136862?
2
What is the units digit of 1201?
1
What is the ten thousands digit of 45830?
4
What is the units digit of 4536?
6
What is the ten thousands digit of 100887?
0
What is the units digit of 60492?
2
What is the units digit of 2099?
9
What is the tens digit of 315?
1
What is the units digit of 263?
3
What is the tens digit of 47743?
4
What is the tens digit of 77117?
1
What is the units digit of 677?
7
What is the units digit of 298?
8
What is the units digit of 358?
8
What is the tens digit of 925?
2
What is the thousands digit of 17788?
7
What is the hundreds digit of 871?
8
What is the ten thousands digit of 21427?
2
What is the tens digit of 46783?
8
What is the thousands digit of 144607?
4
What is the ten thousands digit of 81650?
8
What is the thousands digit of 5515?
5
What is the thousands digit of